{"id":149,"date":"2024-04-04T14:41:34","date_gmt":"2024-04-04T12:41:34","guid":{"rendered":"https:\/\/www.szentkiralyi.hu\/tehetsegek\/?page_id=149"},"modified":"2024-09-02T07:52:00","modified_gmt":"2024-09-02T05:52:00","slug":"tehetsegeink","status":"publish","type":"page","link":"https:\/\/www.szentkiralyi.hu\/tehetsegek\/tehetsegeink\/","title":{"rendered":"Tehets\u00e9geink"},"content":{"rendered":"<div class=\"wpb-content-wrapper\">[vc_row full_height=&#8221;yes&#8221; columns_placement=&#8221;top&#8221; content_placement=&#8221;top&#8221;][vc_column][vc_tta_tabs title_tag=&#8221;h3&#8243; style=&#8221;flat&#8221; color=&#8221;white&#8221; active_section=&#8221;1&#8243; no_fill_content_area=&#8221;true&#8221; title=&#8221;Tehets\u00e9geink&#8221;][vc_tta_section title=&#8221;2024&#8243; tab_id=&#8221;2024&#8243;][vc_basic_grid post_type=&#8221;post&#8221; max_items=&#8221;-1&#8243; item=&#8221;123&#8243; grid_id=&#8221;vc_gid:1725256310197-ed8cfc14-13cf-2&#8243; taxonomies=&#8221;9&#8243;][\/vc_tta_section][vc_tta_section title=&#8221;2022&#8243; tab_id=&#8221;2022&#8243; el_class=&#8221;tehetsegek&#8221;][vc_basic_grid post_type=&#8221;post&#8221; max_items=&#8221;6&#8243; item=&#8221;123&#8243; initial_loading_animation=&#8221;none&#8221; grid_id=&#8221;vc_gid:1725256310197-d8dce66d-73a6-1&#8243; taxonomies=&#8221;3&#8243;][\/vc_tta_section][vc_tta_section title=&#8221;2021&#8243; tab_id=&#8221;2021&#8243;][vc_basic_grid post_type=&#8221;post&#8221; max_items=&#8221;6&#8243; item=&#8221;123&#8243; initial_loading_animation=&#8221;none&#8221; grid_id=&#8221;vc_gid:1725256310197-4c80c41d-93e8-3&#8243; taxonomies=&#8221;5&#8243;][\/vc_tta_section][vc_tta_section title=&#8221;2018&#8243; tab_id=&#8221;2018&#8243;][vc_basic_grid post_type=&#8221;post&#8221; max_items=&#8221;6&#8243; item=&#8221;123&#8243; grid_id=&#8221;vc_gid:1725256310197-26e27e72-e019-3&#8243; taxonomies=&#8221;6&#8243;][\/vc_tta_section][vc_tta_section title=&#8221;2016&#8243; tab_id=&#8221;2016&#8243;][vc_basic_grid post_type=&#8221;post&#8221; max_items=&#8221;6&#8243; element_width=&#8221;3&#8243; item=&#8221;123&#8243; grid_id=&#8221;vc_gid:1725256310197-d8409f45-bae7-2&#8243; taxonomies=&#8221;7&#8243; el_class=&#8221;kettotizenhat&#8221;][\/vc_tta_section][\/vc_tta_tabs][\/vc_column][\/vc_row]<\/div>","protected":false},"excerpt":{"rendered":"<p>[vc_row full_height=&#8221;yes&#8221; columns_placement=&#8221;top&#8221; content_placement=&#8221;top&#8221;][vc_column][vc_tta_tabs title_tag=&#8221;h3&#8243; style=&#8221;flat&#8221; color=&#8221;white&#8221; active_section=&#8221;1&#8243; no_fill_content_area=&#8221;true&#8221; title=&#8221;Tehets\u00e9geink&#8221;][vc_tta_section title=&#8221;2024&#8243; tab_id=&#8221;2024&#8243;][vc_basic_grid post_type=&#8221;post&#8221; max_items=&#8221;-1&#8243; item=&#8221;123&#8243; grid_id=&#8221;vc_gid:1725256310197-ed8cfc14-13cf-2&#8243; taxonomies=&#8221;9&#8243;][\/vc_tta_section][vc_tta_section title=&#8221;2022&#8243; tab_id=&#8221;2022&#8243; el_class=&#8221;tehetsegek&#8221;][vc_basic_grid post_type=&#8221;post&#8221; max_items=&#8221;6&#8243; item=&#8221;123&#8243; initial_loading_animation=&#8221;none&#8221; grid_id=&#8221;vc_gid:1725256310197-d8dce66d-73a6-1&#8243; taxonomies=&#8221;3&#8243;][\/vc_tta_section][vc_tta_section title=&#8221;2021&#8243; tab_id=&#8221;2021&#8243;][vc_basic_grid post_type=&#8221;post&#8221; max_items=&#8221;6&#8243; item=&#8221;123&#8243; initial_loading_animation=&#8221;none&#8221; grid_id=&#8221;vc_gid:1725256310197-4c80c41d-93e8-3&#8243; taxonomies=&#8221;5&#8243;][\/vc_tta_section][vc_tta_section title=&#8221;2018&#8243; tab_id=&#8221;2018&#8243;][vc_basic_grid post_type=&#8221;post&#8221; max_items=&#8221;6&#8243; item=&#8221;123&#8243; grid_id=&#8221;vc_gid:1725256310197-26e27e72-e019-3&#8243; taxonomies=&#8221;6&#8243;][\/vc_tta_section][vc_tta_section title=&#8221;2016&#8243; tab_id=&#8221;2016&#8243;][vc_basic_grid post_type=&#8221;post&#8221; max_items=&#8221;6&#8243; element_width=&#8221;3&#8243; item=&#8221;123&#8243; grid_id=&#8221;vc_gid:1725256310197-d8409f45-bae7-2&#8243; taxonomies=&#8221;7&#8243; el_class=&#8221;kettotizenhat&#8221;][\/vc_tta_section][\/vc_tta_tabs][\/vc_column][\/vc_row]<\/p>\n","protected":false},"author":1,"featured_media":1000,"parent":0,"menu_order":7,"comment_status":"closed","ping_status":"closed","template":"","meta":{"_acf_changed":false,"footnotes":""},"class_list":["post-149","page","type-page","status-publish","has-post-thumbnail","hentry"],"acf":[],"yoast_head":"<!-- This site is optimized with the Yoast SEO plugin v22.4 - https:\/\/yoast.com\/wordpress\/plugins\/seo\/ -->\n<title>Tehets\u00e9geink - Szentkir\u00e1lyi Tehets\u00e9gprogram 2024<\/title>\n<meta name=\"robots\" content=\"index, follow, max-snippet:-1, max-image-preview:large, max-video-preview:-1\" \/>\n<link rel=\"canonical\" href=\"https:\/\/www.szentkiralyi.hu\/tehetsegek\/tehetsegeink\/\" \/>\n<meta property=\"og:locale\" content=\"hu_HU\" \/>\n<meta property=\"og:type\" content=\"article\" \/>\n<meta property=\"og:title\" content=\"Tehets\u00e9geink - Szentkir\u00e1lyi Tehets\u00e9gprogram 2024\" \/>\n<meta property=\"og:description\" content=\"[vc_row full_height=&#8221;yes&#8221; columns_placement=&#8221;top&#8221; content_placement=&#8221;top&#8221;][vc_column][vc_tta_tabs title_tag=&#8221;h3&#8243; style=&#8221;flat&#8221; color=&#8221;white&#8221; active_section=&#8221;1&#8243; no_fill_content_area=&#8221;true&#8221; title=&#8221;Tehets\u00e9geink&#8221;][vc_tta_section title=&#8221;2024&#8243; tab_id=&#8221;2024&#8243;][vc_basic_grid post_type=&#8221;post&#8221; max_items=&#8221;-1&#8243; item=&#8221;123&#8243; grid_id=&#8221;vc_gid:1725256310197-ed8cfc14-13cf-2&#8243; taxonomies=&#8221;9&#8243;][\/vc_tta_section][vc_tta_section title=&#8221;2022&#8243; tab_id=&#8221;2022&#8243; el_class=&#8221;tehetsegek&#8221;][vc_basic_grid post_type=&#8221;post&#8221; max_items=&#8221;6&#8243; item=&#8221;123&#8243; initial_loading_animation=&#8221;none&#8221; grid_id=&#8221;vc_gid:1725256310197-d8dce66d-73a6-1&#8243; taxonomies=&#8221;3&#8243;][\/vc_tta_section][vc_tta_section title=&#8221;2021&#8243; tab_id=&#8221;2021&#8243;][vc_basic_grid post_type=&#8221;post&#8221; max_items=&#8221;6&#8243; item=&#8221;123&#8243; initial_loading_animation=&#8221;none&#8221; grid_id=&#8221;vc_gid:1725256310197-4c80c41d-93e8-3&#8243; taxonomies=&#8221;5&#8243;][\/vc_tta_section][vc_tta_section title=&#8221;2018&#8243; tab_id=&#8221;2018&#8243;][vc_basic_grid post_type=&#8221;post&#8221; max_items=&#8221;6&#8243; item=&#8221;123&#8243; grid_id=&#8221;vc_gid:1725256310197-26e27e72-e019-3&#8243; taxonomies=&#8221;6&#8243;][\/vc_tta_section][vc_tta_section title=&#8221;2016&#8243; tab_id=&#8221;2016&#8243;][vc_basic_grid post_type=&#8221;post&#8221; max_items=&#8221;6&#8243; element_width=&#8221;3&#8243; item=&#8221;123&#8243; grid_id=&#8221;vc_gid:1725256310197-d8409f45-bae7-2&#8243; taxonomies=&#8221;7&#8243; el_class=&#8221;kettotizenhat&#8221;][\/vc_tta_section][\/vc_tta_tabs][\/vc_column][\/vc_row]\" \/>\n<meta property=\"og:url\" content=\"https:\/\/www.szentkiralyi.hu\/tehetsegek\/tehetsegeink\/\" \/>\n<meta property=\"og:site_name\" content=\"Szentkir\u00e1lyi Tehets\u00e9gprogram 2024\" \/>\n<meta property=\"article:publisher\" content=\"https:\/\/www.facebook.com\/Szentkiralyi.Asvanyviz\" \/>\n<meta property=\"article:modified_time\" content=\"2024-09-02T05:52:00+00:00\" \/>\n<meta property=\"og:image\" content=\"https:\/\/www.szentkiralyi.hu\/tehetsegek\/wp-content\/uploads\/2024\/08\/SZKTP-WEBSITE-HEADER-02-1920x560-1.jpg\" \/>\n\t<meta property=\"og:image:width\" content=\"1920\" \/>\n\t<meta property=\"og:image:height\" content=\"560\" \/>\n\t<meta property=\"og:image:type\" content=\"image\/jpeg\" \/>\n<meta name=\"twitter:card\" content=\"summary_large_image\" \/>\n<meta name=\"twitter:label1\" content=\"Becs\u00fclt olvas\u00e1si id\u0151\" \/>\n\t<meta name=\"twitter:data1\" content=\"1 perc\" \/>\n<script type=\"application\/ld+json\" class=\"yoast-schema-graph\">{\"@context\":\"https:\/\/schema.org\",\"@graph\":[{\"@type\":\"WebPage\",\"@id\":\"https:\/\/www.szentkiralyi.hu\/tehetsegek\/tehetsegeink\/\",\"url\":\"https:\/\/www.szentkiralyi.hu\/tehetsegek\/tehetsegeink\/\",\"name\":\"Tehets\u00e9geink - Szentkir\u00e1lyi Tehets\u00e9gprogram 2024\",\"isPartOf\":{\"@id\":\"https:\/\/www.szentkiralyi.hu\/tehetsegek\/#website\"},\"primaryImageOfPage\":{\"@id\":\"https:\/\/www.szentkiralyi.hu\/tehetsegek\/tehetsegeink\/#primaryimage\"},\"image\":{\"@id\":\"https:\/\/www.szentkiralyi.hu\/tehetsegek\/tehetsegeink\/#primaryimage\"},\"thumbnailUrl\":\"https:\/\/www.szentkiralyi.hu\/tehetsegek\/wp-content\/uploads\/2024\/08\/SZKTP-WEBSITE-HEADER-02-1920x560-1.jpg\",\"datePublished\":\"2024-04-04T12:41:34+00:00\",\"dateModified\":\"2024-09-02T05:52:00+00:00\",\"breadcrumb\":{\"@id\":\"https:\/\/www.szentkiralyi.hu\/tehetsegek\/tehetsegeink\/#breadcrumb\"},\"inLanguage\":\"hu\",\"potentialAction\":[{\"@type\":\"ReadAction\",\"target\":[\"https:\/\/www.szentkiralyi.hu\/tehetsegek\/tehetsegeink\/\"]}]},{\"@type\":\"ImageObject\",\"inLanguage\":\"hu\",\"@id\":\"https:\/\/www.szentkiralyi.hu\/tehetsegek\/tehetsegeink\/#primaryimage\",\"url\":\"https:\/\/www.szentkiralyi.hu\/tehetsegek\/wp-content\/uploads\/2024\/08\/SZKTP-WEBSITE-HEADER-02-1920x560-1.jpg\",\"contentUrl\":\"https:\/\/www.szentkiralyi.hu\/tehetsegek\/wp-content\/uploads\/2024\/08\/SZKTP-WEBSITE-HEADER-02-1920x560-1.jpg\",\"width\":1920,\"height\":560},{\"@type\":\"BreadcrumbList\",\"@id\":\"https:\/\/www.szentkiralyi.hu\/tehetsegek\/tehetsegeink\/#breadcrumb\",\"itemListElement\":[{\"@type\":\"ListItem\",\"position\":1,\"name\":\"Kezd\u0151lap\",\"item\":\"https:\/\/www.szentkiralyi.hu\/tehetsegek\/\"},{\"@type\":\"ListItem\",\"position\":2,\"name\":\"Tehets\u00e9geink\"}]},{\"@type\":\"WebSite\",\"@id\":\"https:\/\/www.szentkiralyi.hu\/tehetsegek\/#website\",\"url\":\"https:\/\/www.szentkiralyi.hu\/tehetsegek\/\",\"name\":\"Szentkir\u00e1lyi Tehets\u00e9gprogram 2024\",\"description\":\"\",\"publisher\":{\"@id\":\"https:\/\/www.szentkiralyi.hu\/tehetsegek\/#organization\"},\"potentialAction\":[{\"@type\":\"SearchAction\",\"target\":{\"@type\":\"EntryPoint\",\"urlTemplate\":\"https:\/\/www.szentkiralyi.hu\/tehetsegek\/?s={search_term_string}\"},\"query-input\":\"required name=search_term_string\"}],\"inLanguage\":\"hu\"},{\"@type\":\"Organization\",\"@id\":\"https:\/\/www.szentkiralyi.hu\/tehetsegek\/#organization\",\"name\":\"Szentkir\u00e1lyi Tehets\u00e9gprogram 2024\",\"url\":\"https:\/\/www.szentkiralyi.hu\/tehetsegek\/\",\"logo\":{\"@type\":\"ImageObject\",\"inLanguage\":\"hu\",\"@id\":\"https:\/\/www.szentkiralyi.hu\/tehetsegek\/#\/schema\/logo\/image\/\",\"url\":\"https:\/\/www.szentkiralyi.hu\/tehetsegek\/wp-content\/uploads\/2024\/04\/szklogo.png\",\"contentUrl\":\"https:\/\/www.szentkiralyi.hu\/tehetsegek\/wp-content\/uploads\/2024\/04\/szklogo.png\",\"width\":1015,\"height\":647,\"caption\":\"Szentkir\u00e1lyi Tehets\u00e9gprogram 2024\"},\"image\":{\"@id\":\"https:\/\/www.szentkiralyi.hu\/tehetsegek\/#\/schema\/logo\/image\/\"},\"sameAs\":[\"https:\/\/www.facebook.com\/Szentkiralyi.Asvanyviz\",\"https:\/\/www.instagram.com\/szentkiralyi_asvanyviz\/\"]}]}<\/script>\n<!-- \/ Yoast SEO plugin. -->","yoast_head_json":{"title":"Tehets\u00e9geink - Szentkir\u00e1lyi Tehets\u00e9gprogram 2024","robots":{"index":"index","follow":"follow","max-snippet":"max-snippet:-1","max-image-preview":"max-image-preview:large","max-video-preview":"max-video-preview:-1"},"canonical":"https:\/\/www.szentkiralyi.hu\/tehetsegek\/tehetsegeink\/","og_locale":"hu_HU","og_type":"article","og_title":"Tehets\u00e9geink - Szentkir\u00e1lyi Tehets\u00e9gprogram 2024","og_description":"[vc_row full_height=&#8221;yes&#8221; columns_placement=&#8221;top&#8221; content_placement=&#8221;top&#8221;][vc_column][vc_tta_tabs title_tag=&#8221;h3&#8243; style=&#8221;flat&#8221; color=&#8221;white&#8221; active_section=&#8221;1&#8243; no_fill_content_area=&#8221;true&#8221; title=&#8221;Tehets\u00e9geink&#8221;][vc_tta_section title=&#8221;2024&#8243; tab_id=&#8221;2024&#8243;][vc_basic_grid post_type=&#8221;post&#8221; max_items=&#8221;-1&#8243; item=&#8221;123&#8243; grid_id=&#8221;vc_gid:1725256310197-ed8cfc14-13cf-2&#8243; taxonomies=&#8221;9&#8243;][\/vc_tta_section][vc_tta_section title=&#8221;2022&#8243; tab_id=&#8221;2022&#8243; el_class=&#8221;tehetsegek&#8221;][vc_basic_grid post_type=&#8221;post&#8221; max_items=&#8221;6&#8243; item=&#8221;123&#8243; initial_loading_animation=&#8221;none&#8221; grid_id=&#8221;vc_gid:1725256310197-d8dce66d-73a6-1&#8243; taxonomies=&#8221;3&#8243;][\/vc_tta_section][vc_tta_section title=&#8221;2021&#8243; tab_id=&#8221;2021&#8243;][vc_basic_grid post_type=&#8221;post&#8221; max_items=&#8221;6&#8243; item=&#8221;123&#8243; initial_loading_animation=&#8221;none&#8221; grid_id=&#8221;vc_gid:1725256310197-4c80c41d-93e8-3&#8243; taxonomies=&#8221;5&#8243;][\/vc_tta_section][vc_tta_section title=&#8221;2018&#8243; tab_id=&#8221;2018&#8243;][vc_basic_grid post_type=&#8221;post&#8221; max_items=&#8221;6&#8243; item=&#8221;123&#8243; grid_id=&#8221;vc_gid:1725256310197-26e27e72-e019-3&#8243; taxonomies=&#8221;6&#8243;][\/vc_tta_section][vc_tta_section title=&#8221;2016&#8243; tab_id=&#8221;2016&#8243;][vc_basic_grid post_type=&#8221;post&#8221; max_items=&#8221;6&#8243; element_width=&#8221;3&#8243; item=&#8221;123&#8243; grid_id=&#8221;vc_gid:1725256310197-d8409f45-bae7-2&#8243; taxonomies=&#8221;7&#8243; el_class=&#8221;kettotizenhat&#8221;][\/vc_tta_section][\/vc_tta_tabs][\/vc_column][\/vc_row]","og_url":"https:\/\/www.szentkiralyi.hu\/tehetsegek\/tehetsegeink\/","og_site_name":"Szentkir\u00e1lyi Tehets\u00e9gprogram 2024","article_publisher":"https:\/\/www.facebook.com\/Szentkiralyi.Asvanyviz","article_modified_time":"2024-09-02T05:52:00+00:00","og_image":[{"width":1920,"height":560,"url":"https:\/\/www.szentkiralyi.hu\/tehetsegek\/wp-content\/uploads\/2024\/08\/SZKTP-WEBSITE-HEADER-02-1920x560-1.jpg","type":"image\/jpeg"}],"twitter_card":"summary_large_image","twitter_misc":{"Becs\u00fclt olvas\u00e1si id\u0151":"1 perc"},"schema":{"@context":"https:\/\/schema.org","@graph":[{"@type":"WebPage","@id":"https:\/\/www.szentkiralyi.hu\/tehetsegek\/tehetsegeink\/","url":"https:\/\/www.szentkiralyi.hu\/tehetsegek\/tehetsegeink\/","name":"Tehets\u00e9geink - Szentkir\u00e1lyi Tehets\u00e9gprogram 2024","isPartOf":{"@id":"https:\/\/www.szentkiralyi.hu\/tehetsegek\/#website"},"primaryImageOfPage":{"@id":"https:\/\/www.szentkiralyi.hu\/tehetsegek\/tehetsegeink\/#primaryimage"},"image":{"@id":"https:\/\/www.szentkiralyi.hu\/tehetsegek\/tehetsegeink\/#primaryimage"},"thumbnailUrl":"https:\/\/www.szentkiralyi.hu\/tehetsegek\/wp-content\/uploads\/2024\/08\/SZKTP-WEBSITE-HEADER-02-1920x560-1.jpg","datePublished":"2024-04-04T12:41:34+00:00","dateModified":"2024-09-02T05:52:00+00:00","breadcrumb":{"@id":"https:\/\/www.szentkiralyi.hu\/tehetsegek\/tehetsegeink\/#breadcrumb"},"inLanguage":"hu","potentialAction":[{"@type":"ReadAction","target":["https:\/\/www.szentkiralyi.hu\/tehetsegek\/tehetsegeink\/"]}]},{"@type":"ImageObject","inLanguage":"hu","@id":"https:\/\/www.szentkiralyi.hu\/tehetsegek\/tehetsegeink\/#primaryimage","url":"https:\/\/www.szentkiralyi.hu\/tehetsegek\/wp-content\/uploads\/2024\/08\/SZKTP-WEBSITE-HEADER-02-1920x560-1.jpg","contentUrl":"https:\/\/www.szentkiralyi.hu\/tehetsegek\/wp-content\/uploads\/2024\/08\/SZKTP-WEBSITE-HEADER-02-1920x560-1.jpg","width":1920,"height":560},{"@type":"BreadcrumbList","@id":"https:\/\/www.szentkiralyi.hu\/tehetsegek\/tehetsegeink\/#breadcrumb","itemListElement":[{"@type":"ListItem","position":1,"name":"Kezd\u0151lap","item":"https:\/\/www.szentkiralyi.hu\/tehetsegek\/"},{"@type":"ListItem","position":2,"name":"Tehets\u00e9geink"}]},{"@type":"WebSite","@id":"https:\/\/www.szentkiralyi.hu\/tehetsegek\/#website","url":"https:\/\/www.szentkiralyi.hu\/tehetsegek\/","name":"Szentkir\u00e1lyi Tehets\u00e9gprogram 2024","description":"","publisher":{"@id":"https:\/\/www.szentkiralyi.hu\/tehetsegek\/#organization"},"potentialAction":[{"@type":"SearchAction","target":{"@type":"EntryPoint","urlTemplate":"https:\/\/www.szentkiralyi.hu\/tehetsegek\/?s={search_term_string}"},"query-input":"required name=search_term_string"}],"inLanguage":"hu"},{"@type":"Organization","@id":"https:\/\/www.szentkiralyi.hu\/tehetsegek\/#organization","name":"Szentkir\u00e1lyi Tehets\u00e9gprogram 2024","url":"https:\/\/www.szentkiralyi.hu\/tehetsegek\/","logo":{"@type":"ImageObject","inLanguage":"hu","@id":"https:\/\/www.szentkiralyi.hu\/tehetsegek\/#\/schema\/logo\/image\/","url":"https:\/\/www.szentkiralyi.hu\/tehetsegek\/wp-content\/uploads\/2024\/04\/szklogo.png","contentUrl":"https:\/\/www.szentkiralyi.hu\/tehetsegek\/wp-content\/uploads\/2024\/04\/szklogo.png","width":1015,"height":647,"caption":"Szentkir\u00e1lyi Tehets\u00e9gprogram 2024"},"image":{"@id":"https:\/\/www.szentkiralyi.hu\/tehetsegek\/#\/schema\/logo\/image\/"},"sameAs":["https:\/\/www.facebook.com\/Szentkiralyi.Asvanyviz","https:\/\/www.instagram.com\/szentkiralyi_asvanyviz\/"]}]}},"_links":{"self":[{"href":"https:\/\/www.szentkiralyi.hu\/tehetsegek\/wp-json\/wp\/v2\/pages\/149","targetHints":{"allow":["GET"]}}],"collection":[{"href":"https:\/\/www.szentkiralyi.hu\/tehetsegek\/wp-json\/wp\/v2\/pages"}],"about":[{"href":"https:\/\/www.szentkiralyi.hu\/tehetsegek\/wp-json\/wp\/v2\/types\/page"}],"author":[{"embeddable":true,"href":"https:\/\/www.szentkiralyi.hu\/tehetsegek\/wp-json\/wp\/v2\/users\/1"}],"replies":[{"embeddable":true,"href":"https:\/\/www.szentkiralyi.hu\/tehetsegek\/wp-json\/wp\/v2\/comments?post=149"}],"version-history":[{"count":33,"href":"https:\/\/www.szentkiralyi.hu\/tehetsegek\/wp-json\/wp\/v2\/pages\/149\/revisions"}],"predecessor-version":[{"id":1028,"href":"https:\/\/www.szentkiralyi.hu\/tehetsegek\/wp-json\/wp\/v2\/pages\/149\/revisions\/1028"}],"wp:featuredmedia":[{"embeddable":true,"href":"https:\/\/www.szentkiralyi.hu\/tehetsegek\/wp-json\/wp\/v2\/media\/1000"}],"wp:attachment":[{"href":"https:\/\/www.szentkiralyi.hu\/tehetsegek\/wp-json\/wp\/v2\/media?parent=149"}],"curies":[{"name":"wp","href":"https:\/\/api.w.org\/{rel}","templated":true}]}}